 35 + -21. Does 5 divide a?
False
Let g(n) = 10*n - 1. Suppose -2*r + z = -4, -r + 5*z = -2*r - 20. Suppose -d - 4*b = -7, d = b - r*b + 2. Does 12 divide g(d)?
False
Let b = -5 - -8. Suppose u = -4*u + 5*j + 900, 540 = b*u - 2*j. Suppose u - 25 = 5*x. Is 19 a factor of x?
False
Suppose -3*i + 289 = 76. Suppose -2*b - 139 = -5*k, 0*b = 3*k + 5*b - i. Does 9 divide k?
True
Let k(a) be the second derivative of -8*a**3/3 - a**2/2 + a. Let f(j) = -2*j - 12. Let h be f(-5). Is 10 a factor of k(h)?
False
Suppose -r + 10 = 2*h, 3*r - h - 50 = -2*r. Let a(f) = -f**2 + 12*f + 7. Is a(r) a multiple of 10?
False
Let z(n) = 5*n + 8. Is 8 a factor of z(16)?
True
Suppose -12*w = -19*w + 154. Is 11 a factor of w?
True
Let z be (6/(-3))/1 - -2. Is (2 + 10)*1 + z a multiple of 6?
True
Suppose 0*k = -5*f - k + 13, -5*f = 3*k - 19. Suppose 7*v - f*v = 30. Does 9 divide v*3 + (1 - 1)?
True
Suppose 5*y - 5*h = 0, y + 3*h = -0*y - 12. Is 4 a factor of (-8)/((3 - -3)/y)?
True
Suppose 0 = 2*j - j + x - 28, -x = -2. Is j a multiple of 7?
False
Let f(y) = 2*y**2 + 6*y + 41. Is 42 a factor of f(-13)?
False
Let b(o) = 2*o**3 + 5*o**2 + 2*o. Let f be b(-3). Is 11 a factor of (18 - 1) + (f - -12)?
False
Suppose -3*c = -5*c. Suppose -3*t - 4*u + 7 = c, 3*u - 2 - 12 = -4*t. Does 3 divide t?
False
Does 14 divide 1640/25 + (-4)/(-10)?
False
Suppose -2*c - 2*b = -3*c + 5, 4*b = -5*c + 11. Suppose 0 = 5*z + 2*k + 48, -8 = c*z + k + 20. Is (-513)/(-12) + (-2)/z a multiple of 16?
False
Let a(p) = p**3 - p**2 - p - 3. Let r = 7 - 4. Let v be a(r). Does 4 divide v/54 - 68/(-18)?
True
Let h(x) = -x - 7. Let s be h(-6). Let w be 1/s - -3 - -68. Suppose -2*n = -2*z - w, 2*n = -2*z - 26 + 108. Is 19 a factor of n?
True
Suppose 4*w = 16, 0 = 3*m + w - 3*w - 82. Suppose -u + m = u. Suppose 0 = t - 42 + u. Is t a multiple of 13?
False
Let q(z) = 51*z - 90. Is 8 a factor of q(5)?
False
Suppose -19*v = -22*v + 375. Is 22 a factor of v?
False
Suppose -24 = -9*a + 39. Does 7 divide a?
True
Suppose 0 = l + 2*l - 6. Suppose 2*j - o = 78, -l*j + 84 = -o + 3*o. Is j a multiple of 10?
True
Suppose -7*o = -3*o + 8. Suppose 3*u = 4*w - 38, 0 = 3*w - 4*u - 21 - 11. Let q = w + o. Is q a multiple of 6?
True
Let i(c) = 1 - 1 - 3 - 6*c - c**2. Suppose -b - 2*l = 17 - 5, 4*b + 28 = -3*l. Is 3 a factor of i(b)?
False
Suppose -3*k + 5*g + 259 = 0, -461 = -6*k + k + g. Suppose k + 123 = 2*v. Suppose 0 = -6*r + 3*r + v. Is 12 a factor of r?
True
Let a(f) = f**2 + 1. Let v(n) = 2*n**2 - 3*n + 10. Let m be (-2 + (-21)/(-6))*2. Let d(q) = m*a(q) - v(q). Is 9 a factor of d(-6)?
False
Suppose 2*i = 5*i - 168. Suppose -i = -2*r - 2*r + 2*u, -24 = -r - 2*u. Is 16 a factor of r?
True
Suppose -z = -2*s - 20, 4*z - 2*s = -0*z + 68. Does 8 divide z?
True
Let h be (88/(-12) - -2)*-3. Suppose -38 = -2*s + 2*v, -s - v + h = v. Is 5 a factor of s?
False
Let w(k) = -k**3 + 6*k**2 + 7*k. Let v be w(5). Suppose 2*b = 3*f + 78, 5*b - v = -f + 152. Is b a multiple of 12?
False
Let w(c) = -2 - 7 - 2 + 1 + 18*c. Is 15 a factor of w(4)?
False
Let r(m) = 5*m - 1. Let j be r(1). Suppose -462 = -j*u - 34. Suppose -3*f - 20 = -u. Is 8 a factor of f?
False
Let y(n) = 13*n**2 + 5*n - 8. Is y(2) a multiple of 5?
False
Let y = -24 + 78. Does 5 divide y?
False
Let k(x) = -x**3 - 6*x**2 + 7*x. Let d be k(-7). Suppose 45 = -d*p - 5*p. Is 3 a factor of 2 + -4 - (p - -2)?
False
Is 36 a factor of (-736)/(-6)*9*2/12?
False
Suppose -13*m + 9*m + 108 = 0. Does 27 divide m?
True
Suppose 0 = -3*c + 11 + 4. Let i = c + 2. Let z(d) = 2*d + 4. Is z(i) a multiple of 18?
True
Let r(o) = o + 4. Let t be 8/36 + (-4)/18. Let w be r(t). Suppose 113 = w*x - 7. Is x a multiple of 15?
True
Suppose 3 = -2*f - 5. Let o = 2 - f. Is o a multiple of 3?
True
Let t(n) = n - 2. Let q be t(2). Let m(r) be the third derivative of -r**5/60 - r**4/24 + 20*r**3/3 + 4*r**2. Does 15 divide m(q)?
False
Let u(t) = -2*t + 3. Let n be u(3). Is 10 a factor of (-3)/n*3 - -7?
True
Suppose -4*q + 8*q + 3*h - 293 = 0, -5*q = 3*h - 370. Is 11 a factor of q?
True
Let w be (-1610)/(-45) - 2/(-9). Let c = -23 + w. Suppose 0 = -2*z - 5 + c. Is 2 a factor of z?
True
Let r(b) be the first derivative of b**4/4 + 8*b**3/3 + 3*b**2/2 - 4*b + 4. Does 6 divide r(-7)?
True
Suppose -4*z = 2*r - 6*r + 12, -2*z = -4. Let l(v) = 6*v + 2. Does 17 divide l(r)?
False
Let h = -57 - -19. Let z = 45 + -111. Let b = h - z. Is 9 a factor of b?
False
Suppose -4*p - 11 + 27 = 0, -4*s + 48 = 2*p. Suppose s*z - 99 = 7*z. Does 13 divide z?
False
Let m(u) = -u + 4. Let i be m(0). Suppose 3*k - l = -91 + 7, 0 = 2*k + i*l + 56. Is 60/(-8)*k/6 a multiple of 12?
False
Let f(c) = c**3 + 10*c**2 + 8*c + 6. Let y be f(-8). Suppose p = -5*r + 80, 3*r + 5*p - y = -0*r. Is 15 a factor of r?
True
Let o(m) = 2*m**3 + m**2 + m - 1. Let p be o(1). Suppose -30 = -5*v + p*v. Is v a multiple of 5?
True
Suppose 6*u - 5*u = 2. Let f(s) = s - 1 + 6*s**2 + 2*s**3 - u - 3 - 3*s**3. Is f(5) a multiple of 12?
True
Let f be 39/52*(-4)/(-3). Suppose 0 = w + o - 9 + f, -w + 24 = -3*o. Is w a multiple of 4?
True
Suppose -2*g - 75 = 3*h, -2*g - 3*g = -2*h + 159. Is 2 a factor of g/(-22) - (-5)/2?
True
Let j(o) = -2*o**2 - 4*o - 2. Let p be j(-2). Suppose 3*y + 5*f - 35 = 0, -5*y + 24 = -3*y + 4*f. Let u = p + y. Is u a multiple of 8?
True
Suppose -20*g + 23*g = 135. Does 9 divide g?
True
Suppose -2*p + 4*p + 12 = 0. Let s(k) = 3*k + 6. Let r be s(-4). Is 5 a factor of r/(-9) - 56/p?
True
Let b = -195 + 325. Is 26 a factor of b?
True
Suppose 1442 + 340 = 6*q. Is 27 a factor of q?
True
Let m(h) = 2*h**2 - 3*h - 2. Let j be m(6). Suppose j = 5*x + 12. Does 3 divide x?
False
Let l = -158 - -301. Is l a multiple of 10?
False
Let j be (2 + 0 + -1)*-1. Is 2 a factor of -1*(-3 - j) - -1?
False
Let x be 2*(0 - (-1)/2). Let r(y) = 9*y - 1 - y**2 - 2 + x. Is 15 a factor of r(6)?
False
Let j(h) = 5*h**2 - 4*h - 2. Let d(x) = 14*x + 0*x + 5 - 14*x**2 - 3*x. Let t(p) = 6*d(p) + 17*j(p). Is 11 a factor of t(5)?
True
Is ((-32)/(-72))/((-2)/(-9)) even?
True
Suppose -6*l = -2*l + 12. Is 13 a factor of (-1)/(l/(-117))*-1?
True
Suppose 81 = 2*h - 35. Is h a multiple of 29?
True
Suppose -v = 1, 2*q + 2*q - v - 537 = 0. Suppose u - q = -u. Is 23 a factor of u?
False
Does 7 divide (-280)/(-12) - (-16)/(-12)?
False
Suppose -2*f - 2*o + 56 = 0, -2*f - 28 = -3*f - 4*o. Is 16 a factor of 1*(f*2 + 1)?
False
Let x = -42 + 71. Is x a multiple of 13?
False
Let b(z) = -11*z**2 - 28*z - 9. Let l(m) = 7*m**2 + 19*m + 6. Let v(x) = -5*b(x) - 8*l(x). Is v(-8) a multiple of 16?
False
Suppose 0 = -2*l - 4*s - 1 + 3, 0 = 3*l - s - 17. Suppose 8*b - 3*b = r - 43, 5*b + 55 = -l*r. Let y = -3 - b. Is y a multiple of 6?
True
Let l be 10/8 - 2/8. Let c be 17 - (l + (0 - 2)). Let j = c + -2. Is 16 a factor of j?
True
Let p be -2*(0 + (0 - 1)). Does 17 divide 22 - (p + -2) - 2?
False
Suppose -2*i = 3*i - 1560. Is i a multiple of 39?
True
Let y(p) = -p**2 - 12*p - 3. Is y(-7) a multiple of 8?
True
Suppose -c = c - 4. Let p be (-2)/(132/(-63) + c). Suppose i = p + 3. Is i a multiple of 12?
True
Suppose 40 + 17 = 3*x. Does 15 divide x?
False
Let o be (1/1 + 1)*1. Is o - (-18 + 3 + -3) a multiple of 7?
False
Let q(k) = 77*k**2 - k - 1. Is 24 a factor of q(1)?
False
Suppose 13 = 2*c - 27. Suppose -3*j = -c - 34. Suppose -m + 3 = -j. Is 15 a factor of m?
False
Let j = 13 + 35. Is 24 a factor of j?
True
Let z(v) = v**3 + 8*v**2 - 11*v - 4. Does 7 divide z(-9)?
True
Suppose -5 = l - 98. Let w(f) = 9*f + 30. Let c be w(-9). Let z = c + l. Does 14 divide z?
True
Let t(v) = -v - 6. Let w be t(5). Let u(g) = g**2 + 10*g - 7. Is u(w) even?
True
Let s(z) = z**3 + 5*z**2 + 2*z - 2. Let f(y) = y**2 + 9*y + 10. Let v be f(-7). Does 3 divide s(v)?
True
Does 18 divide 82*(-1)/(-2) + 1?
False
Let p(c) = 4*c + 2. Does 4 divide p(2)?
False
Let b = -8 + 13. Is 2 a factor of b?
False
Let x = 296 - 160. Is x a multiple of 34?
True
Let m(o) = 9*o + 2. Suppose 2*h - 4*y + 6 = 0, 3*h + 5*y = 2*y + 27. Does 8 divide m(h)?
False
Let y = 100 - 24. Let h be y/18 + (-6)/27. Suppose -2*z + 4*z = -l + 16, h*l + 3*z = 49. Is 4 a factor of l?
False
Suppose -8 = -3*l - l. Let o = 81 - 65. Let p = l + o. Does 6 divide p?
True
Suppose 4*g - 92 = -0*g. Let v = 41 - g. Does 8 divide v?
False
Let n be (-17)/(-2) - 12/(-8). Let